housands digit of 128678067?
8
What is the millions digit of 5974675?
5
What is the hundred thousands digit of 23405625?
4
What is the hundred thousands digit of 5996305?
9
What is the billions digit of 6727892353?
6
What is the hundreds digit of 554994916?
9
What is the ten millions digit of 5935604254?
3
What is the ten thousands digit of 69283276?
8
What is the ten millions digit of 107664122?
0
What is the ten thousands digit of 6521214538?
1
What is the hundreds digit of 16792572?
5
What is the ten millions digit of 35638417?
3
What is the millions digit of 582751869?
2
What is the ten millions digit of 5075239061?
7
What is the thousands digit of 22595776?
5
What is the thousands digit of 3056289248?
9
What is the millions digit of 1873722861?
3
What is the tens digit of 1736083827?
2
What is the hundred thousands digit of 191569361?
5
What is the millions digit of 103334391?
3
What is the hundred thousands digit of 62498994?
4
What is the hundreds digit of 1180051744?
7
What is the ten millions digit of 69555917?
6
What is the ten millions digit of 10476636?
1
What is the millions digit of 9140860?
9
What is the tens digit of 3084545888?
8
What is the ten millions digit of 39711498?
3
What is the tens digit of 3036879320?
2
What is the ten thousands digit of 17865618?
6
What is the units digit of 7511186?
6
What is the hundred thousands digit of 102416590?
4
What is the ten millions digit of 99415293?
9
What is the millions digit of 92541673?
2
What is the ten millions digit of 115998280?
1
What is the hundred thousands digit of 4497272?
4
What is the units digit of 41146005?
5
What is the tens digit of 117252115?
1
What is the ten millions digit of 127308404?
2
What is the millions digit of 5849347954?
9
What is the thousands digit of 275385531?
5
What is the hundred thousands digit of 169902068?
9
What is the hundred thousands digit of 53843611?
8
What is the units digit of 1864997120?
0
What is the millions digit of 18201711?
8
What is the tens digit of 500837046?
4
What is the thousands digit of 1347124229?
4
What is the hundred thousands digit of 71082113?
0
What is the units digit of 6922954057?
7
What is the units digit of 341210715?
5
What is the millions digit of 787344803?
7
What is the hundred thousands digit of 39884546?
8
What is the millions digit of 780482208?
0
What is the hundred millions digit of 171905170?
1
What is the ten millions digit of 4218910402?
1
What is the ten thousands digit of 127162605?
6
What is the tens digit of 41014607?
0
What is the hundreds digit of 194109649?
6
What is the tens digit of 314051617?
1
What is the ten thousands digit of 61027461?
2
What is the thousands digit of 643273219?
3
What is the units digit of 425719918?
8
What is the millions digit of 21629196?
1
What is the millions digit of 61427442?
1
What is the tens digit of 33778808?
0
What is the billions digit of 1756978214?
1
What is the millions digit of 716332999?
6
What is the ten millions digit of 18269476?
1
What is the billions digit of 5058314815?
5
What is the millions digit of 11707385?
1
What is the ten thousands digit of 312258286?
5
What is the thousands digit of 461024996?
4
What is the ten thousands digit of 25314142?
1
What is the units digit of 139974350?
0
What is the tens digit of 4978813062?
6
What is the hundreds digit of 298475305?
3
What is the hundred thousands digit of 23841988?
8
What is the ten millions digit of 71153337?
7
What is the ten millions digit of 1679612653?
7
What is the millions digit of 212765117?
2
What is the ten thousands digit of 321059970?
5
What is the hundred millions digit of 115054134?
1
What is the hundreds digit of 3555240689?
6
What is the hundred millions digit of 459669494?
4
What is the hundred thousands digit of 28865204?
8
What is the ten millions digit of 572082911?
7
What is the ten thousands digit of 187998419?
9
What is the hundred thousands digit of 484517811?
5
What is the hundreds digit of 202549762?
7
What is the ten thousands digit of 19866846?
6
What is the thousands digit of 788935413?
5
What is the tens digit of 530576762?
6
What is the billions digit of 1062939288?
1
What is the ten millions digit of 701338423?
0
What is the ten thousands digit of 776595360?
9
What is the hundred thousands digit of 31142793?
1
What is the units digit of 161794812?
2
What is the tens digit of 4484341138?
3
What is the thousands digit of 4033608?
3
What is the hundred millions digit of 152355286?
1
What is the hundred millions digit of 182239699?
1
What is the hundred thousands digit of 3347202586?
2
What is the thousands digit of 1761363102?
3
What is the hundreds digit of 27794193?
1
What is the tens digit of 82825248?
4
What is the millions digit of 47328751?
7
What is the billions digit of 7810591396?
7
What is the units digit of 169001137?
7
What is the thousands digit of 350056148?
6
What is the hundred thousands digit of 5864684?
8
What is the hundred thousands digit of 26356956?
3
What is the thousands digit of 47108849?
8
What is the hundred thousands digit of 300172386?
1
What is the thousands digit of 2483812784?
2
What is the ten thousands digit of 50207851?
0
What is the millions digit of 41720133?
1
What is the ten thousands digit of 266445274?
4
What is the ten thousands digit of 204898068?
9
What is the hundreds digit of 35961451?
4
What is the hundreds digit of 353451139?
1
What is the ten thousands digit of 560451623?
5
What is the hundreds digit of 36820777?
7
What is the units digit of 48409421?
1
What is the ten thousands digit of 161432171?
3
What is the ten millions digit of 149754427?
4
What is the ten millions digit of 7199572607?
9
What is the thousands digit of 5369826?
9
What is the thousands digit of 382851602?
1
What is the thousands digit of 9123616?
3
What is the hundred thousands digit of 37866538?
8
What is the hundred millions digit of 6703822498?
7
What is the units digit of 38741805?
5
What is the millions digit of 4079819849?
9
What is the millions digit of 35372270?
5
What is the ten millions digit of 1404301041?
0
What is the tens digit of 441305059?
5
What is the ten thousands digit of 74247715?
4
What is the thousands digit of 1658287167?
7
What is the hundreds digit of 85712493?
4
What is the thousands digit of 34968397?
8
What is the hundred millions digit of 3955892054?
9
What is the ten thousands digit of 5128394610?
9
What is the ten thousands digit of 57549972?
4
What is the ten millions digit of 148712686?
4
What is the hundreds digit of 3368785014?
0
What is the hundreds digit of 33016998?
9
What is the thousands digit of 57744336?
4
What is the units digit of 335130951?
1
What is the hundreds digit of 51319095?
0
What is the tens digit of 314189094?
9
What is the ten millions digit of 48246398?
4
What is the ten thousands digit of 24690617?
9
What is the hundred millions digit of 814243335?
8
What is the hundred millions digit of 600294139?
6
What is the hundred thousands digit of 2541181108?
1
What is the thousands digit of 2809106401?
6
What is the millions digit of 3445643523?
5
What is the ten millions digit of 191577970?
9
What is the tens digit of 130607243?
4
What is the tens digit of 94665227?
2
What is the hundred thousands digit of 3209418688?
4
What is the ten millions digit of 1010649669?
1
What is the ten thousands digit of 192540933?
4
What is the ten thousands digit of 9078399?
7
What is the ten millions digit of 735293152?
3
What is the ten thousands digit of 681582370?
8
What is the units digit of 114809669?
9
What is the thousands digit of 590786622?
6
What is the hundreds digit of 83972473?
4
What is the millions digit of 630285507?
0
What is the hundreds digit of 1972667554?
5
What is the thousands digit of 85161265?
1
What is the ten thousands digit of 80532546?
3
What is the ten thousands digit of 4645928527?
2
What is the millions digit of 77783806?
7
What is the thousands digit of 904040692?
0
What is the tens digit of 10786901?
0
What is the millions digit of 71579219?
1
What is the ten thousands digit of 46072630?
7
What is the millions digit of 44218600?
4
What is the ten millions digit of 153465689?
5
What is the hundreds digit of 87480479?
4
What is the hundred thousands digit of 7464561?
4
What is 